{"id":18,"date":"2026-01-18T16:51:24","date_gmt":"2026-01-18T16:51:24","guid":{"rendered":"https:\/\/ideespratiques.blog\/?page_id=18"},"modified":"2026-01-18T16:51:24","modified_gmt":"2026-01-18T16:51:24","slug":"avertissement-disclaimer","status":"publish","type":"page","link":"https:\/\/ideespratiques.blog\/?page_id=18","title":{"rendered":"Avertissement (Disclaimer)"},"content":{"rendered":"\n<p>Les contenus publi\u00e9s sur <strong>Id\u00e9es Pratiques<\/strong> sont fournis \u00e0 titre informatif uniquement.<\/p>\n\n\n\n<h3 class=\"wp-block-heading\">Absence de conseil professionnel<\/h3>\n\n\n\n<p>Nous ne fournissons aucun conseil m\u00e9dical, juridique, financier ou professionnel. Les informations pr\u00e9sentes sur le site ne remplacent pas l\u2019avis d\u2019un sp\u00e9cialiste.<\/p>\n\n\n\n<h3 class=\"wp-block-heading\">Responsabilit\u00e9 personnelle<\/h3>\n\n\n\n<p>Toute action entreprise sur la base des informations du site rel\u00e8ve de la responsabilit\u00e9 exclusive de l\u2019utilisateur.<\/p>\n\n\n\n<h3 class=\"wp-block-heading\">Exactitude des informations<\/h3>\n\n\n\n<p>Nous faisons de notre mieux pour proposer des contenus fiables et \u00e0 jour, mais nous ne garantissons pas l\u2019absence d\u2019erreurs ou d\u2019omissions.<\/p>\n\n\n\n<p>Id\u00e9es Pratiques ne pourra \u00eatre tenu responsable de tout dommage r\u00e9sultant de l\u2019utilisation du site.<\/p>\n","protected":false},"excerpt":{"rendered":"<p>Les contenus publi\u00e9s sur Id\u00e9es Pratiques sont fournis \u00e0 titre informatif uniquement. Absence de conseil professionnel Nous ne fournissons aucun conseil m\u00e9dical, juridique, financier ou professionnel. Les informations pr\u00e9sentes sur le site ne remplacent pas l\u2019avis d\u2019un sp\u00e9cialiste. Responsabilit\u00e9 personnelle Toute action entreprise sur la base des informations du site rel\u00e8ve de la responsabilit\u00e9 exclusive&#8230;<\/p>\n","protected":false},"author":1,"featured_media":0,"parent":0,"menu_order":0,"comment_status":"closed","ping_status":"closed","template":"","meta":{"_kad_post_transparent":"","_kad_post_title":"","_kad_post_layout":"","_kad_post_sidebar_id":"","_kad_post_content_style":"","_kad_post_vertical_padding":"","_kad_post_feature":"","_kad_post_feature_position":"","_kad_post_header":false,"_kad_post_footer":false,"_kad_post_classname":"","footnotes":""},"class_list":["post-18","page","type-page","status-publish","hentry"],"_links":{"self":[{"href":"https:\/\/ideespratiques.blog\/index.php?rest_route=\/wp\/v2\/pages\/18","targetHints":{"allow":["GET"]}}],"collection":[{"href":"https:\/\/ideespratiques.blog\/index.php?rest_route=\/wp\/v2\/pages"}],"about":[{"href":"https:\/\/ideespratiques.blog\/index.php?rest_route=\/wp\/v2\/types\/page"}],"author":[{"embeddable":true,"href":"https:\/\/ideespratiques.blog\/index.php?rest_route=\/wp\/v2\/users\/1"}],"replies":[{"embeddable":true,"href":"https:\/\/ideespratiques.blog\/index.php?rest_route=%2Fwp%2Fv2%2Fcomments&post=18"}],"version-history":[{"count":1,"href":"https:\/\/ideespratiques.blog\/index.php?rest_route=\/wp\/v2\/pages\/18\/revisions"}],"predecessor-version":[{"id":19,"href":"https:\/\/ideespratiques.blog\/index.php?rest_route=\/wp\/v2\/pages\/18\/revisions\/19"}],"wp:attachment":[{"href":"https:\/\/ideespratiques.blog\/index.php?rest_route=%2Fwp%2Fv2%2Fmedia&parent=18"}],"curies":[{"name":"wp","href":"https:\/\/api.w.org\/{rel}","templated":true}]}}